9 and 50561.
217
Calculate the highest common divisor of 191388 and 2091.
123
Calculate the greatest common divisor of 1391 and 5629.
13
Calculate the highest common factor of 53830 and 80.
10
What is the greatest common divisor of 660147 and 591?
591
What is the greatest common factor of 23475 and 34200?
75
What is the greatest common divisor of 1162476 and 6468?
588
Calculate the greatest common divisor of 85 and 1130.
5
What is the highest common factor of 358137 and 351?
117
Calculate the greatest common factor of 2186 and 2.
2
What is the highest common factor of 21182 and 1068?
178
What is the highest common factor of 836 and 247?
19
What is the greatest common factor of 39999 and 603?
201
Calculate the greatest common divisor of 1266942 and 170.
34
What is the highest common factor of 1458104 and 2328?
776
What is the greatest common divisor of 550 and 39050?
550
What is the greatest common divisor of 50471 and 41?
41
What is the highest common factor of 201199 and 173?
173
Calculate the highest common factor of 2757 and 2585147.
919
Calculate the highest common factor of 240 and 3820.
20
Calculate the highest common divisor of 1100 and 1351625.
275
What is the highest common divisor of 1520 and 374224?
304
What is the greatest common divisor of 1256 and 455614?
314
Calculate the highest common divisor of 61610 and 13130.
1010
Calculate the highest common divisor of 8 and 514.
2
Calculate the highest common divisor of 357 and 458507.
119
What is the greatest common divisor of 390589 and 1238?
619
Calculate the highest common factor of 63400 and 3200.
200
What is the greatest common divisor of 26824 and 20?
4
Calculate the highest common factor of 644904 and 88.
8
Calculate the greatest common factor of 2901 and 228.
3
What is the highest common factor of 1387520 and 320?
320
What is the greatest common divisor of 10595 and 377?
13
Calculate the highest common factor of 3059 and 16054.
23
What is the greatest common factor of 25 and 238360?
5
Calculate the highest common factor of 211688 and 376.
376
What is the greatest common factor of 1416 and 16176?
24
What is the highest common factor of 44005 and 65?
65
What is the greatest common divisor of 9672 and 1320?
24
Calculate the highest common divisor of 36 and 20832.
12
Calculate the highest common factor of 270897 and 33.
33
What is the highest common factor of 94096 and 12?
4
Calculate the highest common factor of 495 and 19635.
165
Calculate the greatest common factor of 195 and 30615.
195
Calculate the highest common factor of 71615 and 20.
5
What is the highest common divisor of 23563143 and 97?
97
What is the greatest common divisor of 599 and 284525?
599
Calculate the greatest common factor of 38 and 65151.
19
What is the greatest common factor of 14 and 241612?
14
Calculate the greatest common divisor of 1236 and 564.
12
Calculate the highest common factor of 36817 and 220.
11
Calculate the highest common factor of 8 and 326756.
4
What is the greatest common factor of 458 and 192818?
458
Calculate the highest common factor of 63390 and 30.
30
Calculate the greatest common divisor of 576 and 997344.
288
Calculate the highest common divisor of 256596 and 12.
12
What is the greatest common factor of 39412 and 1888?
236
What is the greatest common factor of 1713808 and 141?
47
What is the highest common factor of 440 and 47624?
8
Calculate the greatest common divisor of 130995 and 355.
355
Calculate the greatest common divisor of 33852 and 616.
28
Calculate the highest common divisor of 7315 and 16975.
35
What is the highest common divisor of 23556 and 468?
156
Calculate the greatest common divisor of 60691 and 1329.
443
Calculate the greatest common divisor of 915458 and 152.
38
Calculate the highest common divisor of 2625 and 136605.
105
Calculate the greatest common factor of 2520 and 14420.
140
Calculate the greatest common factor of 21 and 76167.
21
What is the greatest common factor of 86121 and 693?
63
Calculate the greatest common factor of 25840 and 1710.
190
Calculate the highest common factor of 134 and 3636090.
134
What is the highest common divisor of 10 and 2985?
5
Calculate the greatest common divisor of 69689 and 921.
307
What is the highest common factor of 6122480 and 1682?
1682
Calculate the highest common divisor of 1192 and 104449.
149
What is the greatest common factor of 59469 and 4257?
129
What is the greatest common factor of 20174 and 462?
154
Calculate the greatest common divisor of 440552 and 16.
8
Calculate the greatest common divisor of 140 and 513140.
20
Calculate the highest common divisor of 5963463 and 297.
297
Calculate the greatest common divisor of 6858 and 702.
54
What is the greatest common divisor of 27976 and 1300?
52
Calculate the highest common factor of 6110 and 950810.
470
Calculate the highest common factor of 81536 and 80.
16
Calculate the highest common divisor of 3888 and 5424.
48
Calculate the greatest common divisor of 299 and 9919.
13
What is the greatest common factor of 30 and 375834?
6
Calculate the highest common divisor of 69918 and 1290.
258
What is the greatest common divisor of 2709598 and 776?
194
Calculate the highest common factor of 1190 and 33565.
35
Calculate the greatest common factor of 38775 and 940.
235
What is the highest common divisor of 774459 and 72?
9
Calculate the highest common factor of 10542 and 12306.
42
What is the greatest common divisor of 17135360 and 64?
64
What is the greatest common factor of 323637 and 3704?
463
What is the highest common divisor of 1200436 and 28?
4
What is the greatest common divisor of 7044 and 96?
12
Calculate the highest common factor of 49 and 189287.
49
What is the highest common factor of 1508 and 3029?
13
Calculate the highest common factor of 45 and 113895.
45
What is the highest common divisor of 105049 and 4816?
301
Calculate the highest common divisor of 1879785 and 1332.
333
What is the greatest common divisor of 252 and 234?
18
What is the greatest common factor of 973692 and 11100?
444
Calculate the greatest common factor of 178768 and 48.
16
Calculate the highest common divisor of 59255 and 35.
35
Calculate the greatest common divisor of 3445 and 954.
53
Calculate the greatest common divisor of 1703 and 351.
13
Calculate the highest common factor of 382960 and 240.
80
What is the greatest common factor of 392 and 38563?
49
Calculate the highest common factor of 1080 and 204.
12
Calculate the greatest common divisor of 30 and 8430.
30
Calculate the highest common divisor of 5244 and 5313.
69
What is the greatest common factor of 814 and 481?
37
Calculate the greatest common divisor of 3479 and 28.
7
What is the greatest common divisor of 72 and 441333?
9
Calculate the highest common factor of 39372 and 136.
68
What is the highest common factor of 119221 and 5831?
17
What is the greatest common factor of 48330 and 5?
5
Calculate the greatest common divisor of 929740 and 406.
406
What is the highest common divisor of 666 and 1598918?
74
What is the highest common divisor of 56 and 1253?
7
Calculate the greatest common factor of 137305 and 105.
35
Calculate the greatest common divisor of 564 and 516.
12
Calculate the greatest common factor of 209344 and 64.
64
What is the highest common factor of 1075 and 25757?
43
Calculate the highest common divisor of 1724 and 46979.
431
Calculate the greatest common factor of 1090089 and 14.
7
Calculate the highest common divisor of 41990 and 7657.
247
Calculate the highest common factor of 28116 and 1386.
198
Calculate the greatest common divisor of 16344 and 9864.
72
Calculate the highest common divisor of 455 and 60840.
65
Calculate the greatest common factor of 5865671 and 158.
79
Calculate the greatest common factor of 70 and 19690.
10
Calculate the highest common divisor of 252915 and 390.
195
Calculate the greatest common divisor of 14916 and 32996.
452
What is the highest common factor of 230 and 276115?
115
What is the greatest common factor of 357250 and 500?
250
What is the greatest common divisor of 2 and 10091?
1
What is the highest common factor of 29284 and 312?
4
Calculate the highest common factor of 116 and 2156.
4
Calculate the greatest common factor of 248 and 589310.
62
Calculate the greatest common fac